{"id":4751,"date":"2016-11-22T11:09:11","date_gmt":"2016-11-22T11:09:11","guid":{"rendered":"http:\/\/secint-consultores.com.mx\/?page_id=4751"},"modified":"2020-11-27T22:57:30","modified_gmt":"2020-11-27T22:57:30","slug":"news-2","status":"publish","type":"page","link":"https:\/\/secint-consultores.com.mx\/?page_id=4751","title":{"rendered":"Blog"},"content":{"rendered":"<p>[vc_row bg_type=&#8221;&#8221; dima_canvas_style=&#8221;&#8221; translate_x=&#8221;0&#8243; dima_z_index=&#8221;0&#8243; delay=&#8221;&#8221; delay_duration=&#8221;&#8221; delay_offset=&#8221;&#8221; top_and_bottom_padding=&#8221;&#8221; left_and_right_padding=&#8221;&#8221;][vc_column min_height=&#8221;&#8221; bg_type=&#8221;&#8221; dima_canvas_style=&#8221;&#8221; translate_x=&#8221;0&#8243; dima_z_index=&#8221;0&#8243; delay=&#8221;&#8221; delay_duration=&#8221;&#8221; delay_offset=&#8221;&#8221; top_and_bottom_padding=&#8221;&#8221; left_and_right_padding=&#8221;&#8221; width=&#8221;1\/1&#8243;]\t<div class=\"boxed-blog blog-list dima-layout-masonry\">\n\t  <div id=\"dima-isotope-container\" class=\"dima-isotope-container isotope masonry boxed-protfolio columns-3\">\n\t\t<article class=\"post-5114 post type-post status-publish format-standard has-post-thumbnail hentry category-uncategorized tag-reforma-lft tag-vacaciones\" >\n\t\t\t\t<div class=\"post-img\">\n                        <div class=\" post-feature\">\n                            <a href=\"https:\/\/secint-consultores.com.mx\/?p=5114\" class=\"entry-thumb\" title=\"Permalink to: &quot;Modificaci\u00f3n al Per\u00edodo Vacacional&quot;\"><img width=\"585\" height=\"490\" src=\"https:\/\/secint-consultores.com.mx\/wp-content\/uploads\/2021\/01\/WhatsApp-Image-2023-01-04-at-18.45.41-585x490.jpg\" class=\"attachment-dima-massonry-image size-dima-massonry-image wp-post-image\" alt=\"\" loading=\"lazy\" srcset=\"https:\/\/secint-consultores.com.mx\/wp-content\/uploads\/2021\/01\/WhatsApp-Image-2023-01-04-at-18.45.41-585x490.jpg 585w, https:\/\/secint-consultores.com.mx\/wp-content\/uploads\/2021\/01\/WhatsApp-Image-2023-01-04-at-18.45.41-300x251.jpg 300w, https:\/\/secint-consultores.com.mx\/wp-content\/uploads\/2021\/01\/WhatsApp-Image-2023-01-04-at-18.45.41-768x644.jpg 768w, https:\/\/secint-consultores.com.mx\/wp-content\/uploads\/2021\/01\/WhatsApp-Image-2023-01-04-at-18.45.41.jpg 940w\" sizes=\"(max-width: 585px) 100vw, 585px\" \/><\/a>\n                        <div class=\"post-icon link_overlay\">\n                        <ul class=\"icons-media\">\n                        <li>\n                            <a href=\"https:\/\/secint-consultores.com.mx\/?p=5114\" title=\"Permalink to: &quot;Modificaci\u00f3n al Per\u00edodo Vacacional&quot;\">\n                                <i class=\"fa fa-link\"><\/i>\n                            <\/a>\n                        <\/li>\n                        <\/ul>  <span class=\"topaz-hover\"><\/span >\n                        <\/div >\n                        <\/div >\n                        <\/div > \t\t<div class=\"post-meta box\"><ul><li class=\"post-on\"><span class=\"entry-author\">By <a href=\"https:\/\/secint-consultores.com.mx\/?author=4\" rel=\"author\" class=\"vcard\"><span  class=\"fn\">Fernando Rosas<\/span><\/a><\/span> <span class=\"slash\">\/<\/span> <time class=\"entry-date\" datetime=\"2023-01-04T18:52:30+00:00\"> January 4, 2023<\/time><\/li><li class=\"post-view\"><i class=\"fa fa-eye\"><\/i> 320 <\/li><li class=\"post-comments\"><i class=\"fa fa-comments\"><\/i><a href=\"https:\/\/secint-consultores.com.mx\/?p=5114#respond\" title=\"Leave a comment on: &ldquo;Modificaci\u00f3n al Per\u00edodo Vacacional&rdquo;\" class=\"meta-comments\"> 0<\/a><\/li><\/ul><\/div>\n\t<div class=\"entry-content post-content text-start box-bg-color box\">\n\t\t\n<header>\n\t\t\t<h4 class=\"entry-title\">\n\t\t\t<a href=\"https:\/\/secint-consultores.com.mx\/?p=5114\"\n\t\t\t   title=\"Permalink to: &quot;Modificaci\u00f3n al Per\u00edodo Vacacional&quot;\">\n\t\t\t\tModificaci\u00f3n al Per\u00edodo Vacacional\t\t\t<\/a>\n\t\t<\/h4>\n\t<\/header>\n\t\t<p>\u00bfSabes c\u00f3mo se modificar\u00e1n los d\u00edas de vacaciones, de acuerdo a la reforma a los art\u00edculos 76 y 78 de la LFT? Aqu\u00ed la informaci\u00f3n<\/p>\n\t\t\t<\/div>\n\n<\/article>\n<article class=\"post-5090 post type-post status-publish format-standard has-post-thumbnail hentry category-impuestos tag-actualizacion-de-datos tag-facturacion-electronica tag-nomina tag-rfc\" >\n\t\t\t\t<div class=\"post-img\">\n                        <div class=\" post-feature\">\n                            <a href=\"https:\/\/secint-consultores.com.mx\/?p=5090\" class=\"entry-thumb\" title=\"Permalink to: &quot;Constancia de Situaci\u00f3n Fiscal&quot;\"><img width=\"585\" height=\"490\" src=\"https:\/\/secint-consultores.com.mx\/wp-content\/uploads\/2022\/05\/Secint-2-585x490.png\" class=\"attachment-dima-massonry-image size-dima-massonry-image wp-post-image\" alt=\"\" loading=\"lazy\" srcset=\"https:\/\/secint-consultores.com.mx\/wp-content\/uploads\/2022\/05\/Secint-2-585x490.png 585w, https:\/\/secint-consultores.com.mx\/wp-content\/uploads\/2022\/05\/Secint-2-300x251.png 300w, https:\/\/secint-consultores.com.mx\/wp-content\/uploads\/2022\/05\/Secint-2-768x644.png 768w, https:\/\/secint-consultores.com.mx\/wp-content\/uploads\/2022\/05\/Secint-2.png 940w\" sizes=\"(max-width: 585px) 100vw, 585px\" \/><\/a>\n                        <div class=\"post-icon link_overlay\">\n                        <ul class=\"icons-media\">\n                        <li>\n                            <a href=\"https:\/\/secint-consultores.com.mx\/?p=5090\" title=\"Permalink to: &quot;Constancia de Situaci\u00f3n Fiscal&quot;\">\n                                <i class=\"fa fa-link\"><\/i>\n                            <\/a>\n                        <\/li>\n                        <\/ul>  <span class=\"topaz-hover\"><\/span >\n                        <\/div >\n                        <\/div >\n                        <\/div > \t\t<div class=\"post-meta box\"><ul><li class=\"post-on\"><span class=\"entry-author\">By <a href=\"https:\/\/secint-consultores.com.mx\/?author=4\" rel=\"author\" class=\"vcard\"><span  class=\"fn\">Fernando Rosas<\/span><\/a><\/span> <span class=\"slash\">\/<\/span> <time class=\"entry-date\" datetime=\"2022-05-29T00:00:00+00:00\"> May 29, 2022<\/time><\/li><li class=\"post-view\"><i class=\"fa fa-eye\"><\/i> 315 <\/li><li class=\"post-comments\"><i class=\"fa fa-comments\"><\/i><a href=\"https:\/\/secint-consultores.com.mx\/?p=5090#respond\" title=\"Leave a comment on: &ldquo;Constancia de Situaci\u00f3n Fiscal&rdquo;\" class=\"meta-comments\"> 0<\/a><\/li><\/ul><\/div>\n\t<div class=\"entry-content post-content text-start box-bg-color box\">\n\t\t\n<header>\n\t\t\t<h4 class=\"entry-title\">\n\t\t\t<a href=\"https:\/\/secint-consultores.com.mx\/?p=5090\"\n\t\t\t   title=\"Permalink to: &quot;Constancia de Situaci\u00f3n Fiscal&quot;\">\n\t\t\t\tConstancia de Situaci\u00f3n Fiscal\t\t\t<\/a>\n\t\t<\/h4>\n\t<\/header>\n\t\t<p>En mayo el Servicio de Administraci\u00f3n Tributaria (SAT) realiza la  actualizaci\u00f3n de  datos que el contribuyente tiene en su Registro Federal de Contribuyentes (RFC) ante la instituci\u00f3n, y por ello, en muchos trabajos han comenzado a solicitar la constancia de situaci\u00f3n fiscal a sus trabajadores.<\/p>\n\t\t\t<\/div>\n\n<\/article>\n<article class=\"post-5063 post type-post status-publish format-standard has-post-thumbnail hentry category-impuestos tag-empresa tag-gobierno-corporativo tag-procesos tag-riesgos\" >\n\t\t\t\t<div class=\"post-img\">\n                        <div class=\" post-feature\">\n                            <a href=\"https:\/\/secint-consultores.com.mx\/?p=5063\" class=\"entry-thumb\" title=\"Permalink to: &quot;Gu\u00eda para evaluar Gobierno Corporativo&quot;\"><img width=\"585\" height=\"390\" src=\"https:\/\/secint-consultores.com.mx\/wp-content\/uploads\/2021\/09\/WhatsApp-Image-2021-09-23-at-17.35.51-585x390.jpeg\" class=\"attachment-dima-massonry-image size-dima-massonry-image wp-post-image\" alt=\"\" loading=\"lazy\" srcset=\"https:\/\/secint-consultores.com.mx\/wp-content\/uploads\/2021\/09\/WhatsApp-Image-2021-09-23-at-17.35.51-585x390.jpeg 585w, https:\/\/secint-consultores.com.mx\/wp-content\/uploads\/2021\/09\/WhatsApp-Image-2021-09-23-at-17.35.51-300x200.jpeg 300w, https:\/\/secint-consultores.com.mx\/wp-content\/uploads\/2021\/09\/WhatsApp-Image-2021-09-23-at-17.35.51-1024x683.jpeg 1024w, https:\/\/secint-consultores.com.mx\/wp-content\/uploads\/2021\/09\/WhatsApp-Image-2021-09-23-at-17.35.51-768x512.jpeg 768w, https:\/\/secint-consultores.com.mx\/wp-content\/uploads\/2021\/09\/WhatsApp-Image-2021-09-23-at-17.35.51-110x73.jpeg 110w, https:\/\/secint-consultores.com.mx\/wp-content\/uploads\/2021\/09\/WhatsApp-Image-2021-09-23-at-17.35.51.jpeg 1080w\" sizes=\"(max-width: 585px) 100vw, 585px\" \/><\/a>\n                        <div class=\"post-icon link_overlay\">\n                        <ul class=\"icons-media\">\n                        <li>\n                            <a href=\"https:\/\/secint-consultores.com.mx\/?p=5063\" title=\"Permalink to: &quot;Gu\u00eda para evaluar Gobierno Corporativo&quot;\">\n                                <i class=\"fa fa-link\"><\/i>\n                            <\/a>\n                        <\/li>\n                        <\/ul>  <span class=\"topaz-hover\"><\/span >\n                        <\/div >\n                        <\/div >\n                        <\/div > \t\t<div class=\"post-meta box\"><ul><li class=\"post-on\"><span class=\"entry-author\">By <a href=\"https:\/\/secint-consultores.com.mx\/?author=4\" rel=\"author\" class=\"vcard\"><span  class=\"fn\">Fernando Rosas<\/span><\/a><\/span> <span class=\"slash\">\/<\/span> <time class=\"entry-date\" datetime=\"2021-09-27T22:54:39+00:00\"> September 27, 2021<\/time><\/li><li class=\"post-view\"><i class=\"fa fa-eye\"><\/i> 278 <\/li><li class=\"post-comments\"><i class=\"fa fa-comments\"><\/i><a href=\"https:\/\/secint-consultores.com.mx\/?p=5063#respond\" title=\"Leave a comment on: &ldquo;Gu\u00eda para evaluar Gobierno Corporativo&rdquo;\" class=\"meta-comments\"> 0<\/a><\/li><\/ul><\/div>\n\t<div class=\"entry-content post-content text-start box-bg-color box\">\n\t\t\n<header>\n\t\t\t<h4 class=\"entry-title\">\n\t\t\t<a href=\"https:\/\/secint-consultores.com.mx\/?p=5063\"\n\t\t\t   title=\"Permalink to: &quot;Gu\u00eda para evaluar Gobierno Corporativo&quot;\">\n\t\t\t\tGu\u00eda para evaluar Gobierno Corporativo\t\t\t<\/a>\n\t\t<\/h4>\n\t<\/header>\n\t\t<p>Esta herramienta le permitir\u00e1 identificar los riesgos del Gobierno Corporativo (Consejo de Administraci\u00f3n, Comit\u00e9s etc.)<\/p>\n\t\t\t<\/div>\n\n<\/article>\n\t  <\/div>\n\t<\/div>\n\t\t<div class=\"dima-pagination text-center\"><ul class=\"center-list center-text\">\n<li><span class=\"pages\">Page 1 of 2<\/span><\/li><li><\/li><li><a href=\"#\" class=\"current-page\"><\/span>1<\/span><\/a><\/li><li><a href=\"https:\/\/secint-consultores.com.mx\/index.php?rest_route=%2Fwp%2Fv2%2Fpages%2F4751&#038;paged=2\" class=\"single_page\" title=\"2\"><span>2<\/span><\/a><\/li><li><a href=\"https:\/\/secint-consultores.com.mx\/index.php?rest_route=%2Fwp%2Fv2%2Fpages%2F4751&#038;paged=2\" class=\"dima-next\">&#x2192;<\/a><\/li><\/ul><\/div>\n[\/vc_column][\/vc_row]<\/p>\n","protected":false},"excerpt":{"rendered":"<p>[vc_row bg_type=&#8221;&#8221; dima_canvas_style=&#8221;&#8221; translate_x=&#8221;0&#8243; dima_z_index=&#8221;0&#8243; delay=&#8221;&#8221; delay_duration=&#8221;&#8221; delay_offset=&#8221;&#8221; top_and_bottom_padding=&#8221;&#8221; left_and_right_padding=&#8221;&#8221;][vc_column min_height=&#8221;&#8221; bg_type=&#8221;&#8221; dima_canvas_style=&#8221;&#8221; translate_x=&#8221;0&#8243; dima_z_index=&#8221;0&#8243; delay=&#8221;&#8221; delay_duration=&#8221;&#8221; delay_offset=&#8221;&#8221; top_and_bottom_padding=&#8221;&#8221; left_and_right_padding=&#8221;&#8221; width=&#8221;1\/1&#8243;][\/vc_column][\/vc_row]<\/p>\n","protected":false},"author":1,"featured_media":0,"parent":0,"menu_order":0,"comment_status":"closed","ping_status":"closed","template":"","meta":{"_bbp_topic_count":0,"_bbp_reply_count":0,"_bbp_total_topic_count":0,"_bbp_total_reply_count":0,"_bbp_voice_count":0,"_bbp_anonymous_reply_count":0,"_bbp_topic_count_hidden":0,"_bbp_reply_count_hidden":0,"_bbp_forum_subforum_count":0},"amp_enabled":true,"_links":{"self":[{"href":"https:\/\/secint-consultores.com.mx\/index.php?rest_route=\/wp\/v2\/pages\/4751"}],"collection":[{"href":"https:\/\/secint-consultores.com.mx\/index.php?rest_route=\/wp\/v2\/pages"}],"about":[{"href":"https:\/\/secint-consultores.com.mx\/index.php?rest_route=\/wp\/v2\/types\/page"}],"author":[{"embeddable":true,"href":"https:\/\/secint-consultores.com.mx\/index.php?rest_route=\/wp\/v2\/users\/1"}],"replies":[{"embeddable":true,"href":"https:\/\/secint-consultores.com.mx\/index.php?rest_route=%2Fwp%2Fv2%2Fcomments&post=4751"}],"version-history":[{"count":3,"href":"https:\/\/secint-consultores.com.mx\/index.php?rest_route=\/wp\/v2\/pages\/4751\/revisions"}],"predecessor-version":[{"id":4864,"href":"https:\/\/secint-consultores.com.mx\/index.php?rest_route=\/wp\/v2\/pages\/4751\/revisions\/4864"}],"wp:attachment":[{"href":"https:\/\/secint-consultores.com.mx\/index.php?rest_route=%2Fwp%2Fv2%2Fmedia&parent=4751"}],"curies":[{"name":"wp","href":"https:\/\/api.w.org\/{rel}","templated":true}]}}